Tabelle storiche NOAA


Report for 2020 September
                   MONTHLY CLIMATOLOGICAL SUMMARY for Sep 2020


NAME: Bibbiena, Arezzo, Italy                  
ELEV: 409 meters    LAT: 43-42.03 N    LONG: 011-49.22 E


                   TEMPERATURE (C), RAIN (mm), WIND SPEED (km/h)

                                         HEAT   COOL         AVG
      MEAN                               DEG    DEG          WIND                   DOM
DAY   TEMP   HIGH   TIME    LOW   TIME   DAYS   DAYS   RAIN  SPEED   HIGH   TIME    DIR
---------------------------------------------------------------------------------------
 01   16.3   26.2  17:59   10.4  07:29    2.0    0.0    0.0    1.3   14.5  12:28    240
 02   17.6   26.6  15:44   10.3  06:17    0.7    0.0    0.0    1.4   17.7  13:49    202
 03   18.3   26.4  15:54   11.4  06:34    0.0    0.0    0.2    1.5   19.3  15:16    115
 04   19.3   28.5  16:05   10.5  06:38    0.0    0.9    0.0    1.5   19.3  15:06    110
 05   20.4   30.0  15:27   11.4  06:54    0.0    2.1    0.0    1.9   19.3  13:50    126
 06   19.9   28.6  17:58   12.0  07:02    0.0    1.6    0.2    1.5   22.5  15:36    201
 07   19.7   29.2  15:42   11.8  06:47    0.0    1.4    0.0    1.5   16.1  17:17    206
 08   20.6   27.7  15:43   14.1  06:39    0.0    2.3    0.0    2.9   22.5  14:02     75
 09   21.6   30.8  18:03   13.5  06:42    0.0    3.3    0.0    1.7   19.3  14:13    144
 10   22.1   29.6  15:38   15.6  07:14    0.0    3.8    0.0    1.5   16.1  12:54    124
 11   22.7   28.9  13:50   17.6  07:04    0.0    4.3    0.0    2.4   20.9  12:57     59
 12   21.3   29.4  14:33   13.4  06:36    0.0    3.0    0.0    2.3   24.1  12:18     88
 13   21.4   30.1  15:07   12.9  07:15    0.0    3.0    0.0    2.4   22.5  14:20     76
 14   21.0   28.7  13:33   13.4  07:10    0.0    2.7    0.0    2.7   20.9  14:11     55
 15   21.7   28.9  15:09   15.0  07:07    0.0    3.4    0.0    2.8   20.9  13:25     44
 16   20.9   30.9  15:27   13.2  06:51    0.0    2.6    0.0    1.1   12.9  16:34    264
 17   20.9   28.8  14:49   13.1  07:01    0.0    2.6    0.0    2.1   20.9  14:16     43
 18   21.0   27.6  13:13   15.8  07:15    0.0    2.7    0.0    2.8   24.1  13:33     85
 19   20.0   28.8  15:55   12.3  07:11    0.0    1.7    0.0    1.6   17.7  17:18    154
 20   17.6   25.7  14:26   12.4  07:23    0.7    0.0    7.4    1.3   27.4  16:58    119
 21   16.8   25.2  13:40   12.7  07:02    1.6    0.0   12.6    0.4   14.5  14:12    113
 22   15.2   15.6  00:00   14.5  02:34    3.2    0.0    0.0    0.0    1.6  00:00    N/A
 23
 24
 25
 26
 27
 28
 29
 30
---------------------------------------------------------------------------------------
      20.0   30.9     16   10.3     02    8.2   41.4   20.4    1.8   27.4     20     96