Tabelle storiche NOAA


Report for 2021 April
                   MONTHLY CLIMATOLOGICAL SUMMARY for Apr 2021


NAME: Bibbiena, Arezzo, Italy                  
ELEV: 409 meters    LAT: 43-42.03 N    LONG: 011-49.22 E


                   TEMPERATURE (C), RAIN (mm), WIND SPEED (km/h)

                                         HEAT   COOL         AVG
      MEAN                               DEG    DEG          WIND                   DOM
DAY   TEMP   HIGH   TIME    LOW   TIME   DAYS   DAYS   RAIN  SPEED   HIGH   TIME    DIR
---------------------------------------------------------------------------------------
 01   14.4   24.4  15:55    4.7  06:55    3.9    0.0    0.0    2.5   25.7  12:44    197
 02   13.2   22.6  15:12    3.9  06:37    5.1    0.0    0.0    2.4   22.5  16:37    262
 03    9.8   18.4  14:15    3.6  06:32    8.5    0.0    0.0    2.1   20.9  15:09    107
 04    8.2   12.8  14:25    3.2  23:41   10.1    0.0    0.0    3.6   29.0  13:11     78
 05    8.2   17.4  16:25   -0.7  06:11   10.2    0.0    0.0    3.3   29.0  16:05    208
 06    6.7   13.3  13:48    1.9  17:15   11.7    0.0    3.0    3.0   27.4  02:00    140
 07    3.2    8.8  16:41   -2.0  23:53   15.1    0.0    0.0    2.7   29.0  00:03     71
 08    3.8   13.0  16:33   -6.2  06:35   14.5    0.0    0.0    3.5   32.2  14:12    262
 09    8.3   16.4  16:11    0.4  04:20   10.1    0.0    0.0    3.5   24.1  12:40    165
 10    7.8   11.9  11:28    3.9  03:45   10.6    0.0    2.0    0.4   16.1  11:30    154
 11    9.3   11.4  18:16    7.1  03:50    9.0    0.0   14.4    1.4   25.7  18:54    126
 12   10.0   11.4  17:49    7.0  22:56    8.3    0.0   34.4    2.8   20.9  11:15    114
 13    7.3   11.9  13:30    4.5  23:57   11.0    0.0    1.6    2.4   25.7  15:10     82
 14    5.9   11.5  16:14    0.2  06:28   12.4    0.0    0.0    3.1   45.1  12:54     88
 15    4.7   10.9  18:14   -1.3  05:43   13.7    0.0    0.0    1.0   16.1  19:13     99
 16    6.3   13.3  13:26   -0.2  06:26   12.0    0.0    0.0    3.6   29.0  11:35     74
 17    7.6   13.9  15:38    0.4  02:34   10.7    0.0    0.0    3.5   22.5  12:46     37
 18    6.9   12.6  13:09    0.7  07:08   11.4    0.0    0.0    2.1   22.5  12:42     84
 19    8.2   14.2  17:24    2.2  07:03   10.1    0.0    0.0    1.7   16.1  12:57    337
 20    7.1   16.7  13:36   -0.2  06:49   11.2    0.0    0.0    2.1   20.9  14:31    139
 21    2.5    3.5  00:00    1.6  02:58   15.8    0.0    0.0    0.0    0.0  00:00    N/A
 22
 23
 24
 25
 26
 27
 28
 29
 30
---------------------------------------------------------------------------------------
       7.8   24.4     01   -6.2     08  225.5    0.0   55.4    2.5   45.1     14    107