Tabelle storiche NOAA


Report for 2022 May
                   MONTHLY CLIMATOLOGICAL SUMMARY for May 2022


NAME: Bibbiena, Arezzo, Italy                  
ELEV: 409 meters    LAT: 43-42.03 N    LONG: 011-49.22 E


                   TEMPERATURE (C), RAIN (mm), WIND SPEED (km/h)

                                         HEAT   COOL         AVG
      MEAN                               DEG    DEG          WIND                   DOM
DAY   TEMP   HIGH   TIME    LOW   TIME   DAYS   DAYS   RAIN  SPEED   HIGH   TIME    DIR
---------------------------------------------------------------------------------------
 01   12.1   17.5  12:16    6.2  06:33    6.2    0.0    0.0    1.4   19.3  13:44    134
 02   12.0   18.7  16:47    4.7  06:48    6.3    0.0    0.0    1.3   27.4  13:45    114
 03   13.5   22.2  17:48    4.2  06:14    4.8    0.0    0.0    1.4   24.1  13:30    126
 04   13.2   21.5  15:22    5.4  06:08    5.2    0.0    0.4    1.6   20.9  17:24    110
 05   10.3   13.2  15:17    7.7  06:31    8.0    0.0    9.6    0.1    6.4  14:38    270
 06   13.3   16.4  14:06   11.0  03:33    5.1    0.0    2.8    1.1   16.1  10:55     52
 07   14.0   17.1  09:57   11.2  23:06    4.3    0.0    0.0    2.4   22.5  09:49     95
 08   14.5   19.6  16:50    8.8  05:23    3.8    0.0    0.0    1.7   24.1  15:39     67
 09   16.5   22.7  14:58   10.7  00:58    1.9    0.0    0.0    2.5   25.7  11:00     88
 10   15.3   25.6  13:28    6.8  05:54    3.0    0.0    0.2    1.3   20.9  17:05    217
 11   17.1   27.2  16:36    7.8  06:24    1.3    0.0    0.2    2.1   19.3  12:36    146
 12   17.0   26.3  16:19    7.9  06:16    1.3    0.0    0.0    2.0   22.5  15:40    244
 13   16.7   26.7  15:15    6.6  06:26    1.6    0.0    0.0    1.8   19.3  15:53    263
 14   17.3   26.8  18:22    7.4  05:52    1.0    0.0    0.0    2.2   20.9  14:08    134
 15   18.9   26.8  15:15   10.4  05:59    0.0    0.6    0.0    2.2   20.9  14:30    122
 16   18.8   28.8  17:08    9.5  06:14    0.0    0.5    0.0    2.8   24.1  13:10    128
 17   14.3   24.3  12:07    9.6  06:05    4.0    0.0    0.0    0.9   19.3  11:58    116
 18
 19
 20
 21
 22
 23
 24
 25
 26
 27
 28
 29
 30
 31
---------------------------------------------------------------------------------------
      15.0   28.8     16    4.2     03   57.8    1.1   13.2    1.7   27.4     02    121