Tabelle storiche NOAA


Report for 2020 November
                   MONTHLY CLIMATOLOGICAL SUMMARY for Nov 2020


NAME: Bibbiena, Arezzo, Italy                  
ELEV: 409 meters    LAT: 43-42.03 N    LONG: 011-49.22 E


                   TEMPERATURE (C), RAIN (mm), WIND SPEED (km/h)

                                         HEAT   COOL         AVG
      MEAN                               DEG    DEG          WIND                   DOM
DAY   TEMP   HIGH   TIME    LOW   TIME   DAYS   DAYS   RAIN  SPEED   HIGH   TIME    DIR
---------------------------------------------------------------------------------------
 01   11.6   14.1  15:24    8.8  07:25    6.7    0.0    0.0    0.2    8.0  13:42    150
 02   12.2   15.9  14:13    8.8  07:18    6.1    0.0    0.0    0.3    9.7  17:08    154
 03   13.1   14.9  13:52   11.9  05:31    5.2    0.0    0.4    0.5    9.7  13:22    138
 04   13.9   17.2  13:18   12.6  06:50    4.4    0.0    0.4    0.2    8.0  14:00    125
 05   12.5   14.7  10:53    8.8  23:21    5.8    0.0    0.2    1.0   14.5  13:50     78
 06   10.5   18.1  13:07    5.3  07:01    7.8    0.0    0.2    1.8   20.9  11:46     87
 07   10.3   20.2  13:18    4.6  06:42    8.0    0.0    0.2    0.6   12.9  15:20    130
 08    9.0   17.1  13:59    2.9  07:33    9.3    0.0    0.2    1.1   14.5  11:50    138
 09    9.8   18.9  13:10    3.1  06:25    8.6    0.0    0.2    0.9   14.5  13:17    124
 10    9.9   19.3  13:14    3.6  07:03    8.5    0.0    0.2    0.9   17.7  14:42    117
 11   10.7   16.9  12:28    3.6  07:25    7.7    0.0    0.2    2.3   24.1  15:46    118
 12   10.9   12.7  14:14    9.7  02:16    7.4    0.0    3.2    0.3    9.7  17:23    111
 13    9.9   15.7  14:28    6.8  23:56    8.4    0.0    0.2    0.8   11.3  15:15    124
 14    8.2   11.5  14:35    4.2  07:02   10.1    0.0    4.2    0.0    4.8  14:34    112
 15   11.3   15.2  14:56    9.3  07:25    7.0    0.0    0.4    0.3   11.3  13:51    202
 16   12.0   13.4  14:58    9.1  23:54    6.3    0.0   24.2    2.7   19.3  06:11    110
 17   11.0   13.9  13:19    7.6  23:29    7.3    0.0    0.0    3.5   27.4  16:05     51
 18    9.1   17.7  13:59    3.6  07:08    9.3    0.0    0.0    1.4   17.7  13:06     69
 19    6.8   15.5  14:20    0.8  07:46   11.5    0.0    0.2    1.1   16.1  13:45    174
 20    7.9    9.9  05:31    3.6  00:06   10.4    0.0    4.4    5.3   43.5  19:00     60
 21    5.8    7.4  00:04    4.0  23:53   12.5    0.0    0.0    7.1   48.3  11:02     66
 22    4.5   10.1  13:07   -1.7  23:59   13.9    0.0    0.0    4.1   37.0  04:22     69
 23    2.9   12.7  14:13   -3.4  07:28   15.5    0.0    0.0    1.0   14.5  13:53    132
 24    4.4   12.0  12:40   -0.7  03:10   13.9    0.0    0.0    2.5   24.1  14:51     78
 25    4.3   13.4  14:40   -1.6  07:06   14.0    0.0    0.2    0.9   11.3  13:57    124
 26    5.7   13.9  13:30    0.3  03:34   12.6    0.0    0.2    1.2   14.5  13:37    142
 27
 28
 29
 30
---------------------------------------------------------------------------------------
       9.2   20.2     07   -3.4     23  238.3    0.0   39.4    1.6   48.3     21     91