Tabelle storiche NOAA


Report for 2021 July
                   MONTHLY CLIMATOLOGICAL SUMMARY for Jul 2021


NAME: Bibbiena, Arezzo, Italy                  
ELEV: 409 meters    LAT: 43-42.03 N    LONG: 011-49.22 E


                   TEMPERATURE (C), RAIN (mm), WIND SPEED (km/h)

                                         HEAT   COOL         AVG
      MEAN                               DEG    DEG          WIND                   DOM
DAY   TEMP   HIGH   TIME    LOW   TIME   DAYS   DAYS   RAIN  SPEED   HIGH   TIME    DIR
---------------------------------------------------------------------------------------
 01   21.1   28.9  15:50   13.3  05:33    0.0    2.8    0.0    3.8   27.4  15:58    262
 02   21.3   30.4  16:52   12.6  06:03    0.0    3.0    0.0    1.7   16.1  14:36    251
 03   22.4   31.5  15:37   13.1  06:10    0.0    4.1    0.0    2.0   19.3  12:59    214
 04   22.3   28.3  15:20   15.8  06:37    0.0    4.0    0.0    1.4   17.7  11:55    221
 05   23.8   31.8  16:03   15.2  06:29    0.0    5.5    0.0    2.0   16.1  16:43    211
 06   24.2   34.2  17:58   13.5  05:56    0.0    5.9    0.0    1.2   19.3  15:50    232
 07   25.7   35.8  17:54   15.5  06:13    0.0    7.4    0.0    1.6   22.5  13:51    119
 08   25.2   34.3  15:41   18.2  06:03    0.0    6.9    0.0    2.4   22.5  12:37    185
 09   23.4   31.3  15:40   15.1  06:56    0.0    5.0    0.0    2.0   16.1  14:27    268
 10   22.6   33.0  17:19   11.4  05:56    0.0    4.2    0.0    1.2   16.1  13:35     92
 11   22.4   30.8  16:46   13.1  06:13    0.0    4.1    0.0    2.5   22.5  13:28    267
 12   23.4   33.4  16:32   13.6  06:06    0.0    5.1    0.0    2.3   22.5  21:38    144
 13   22.1   30.1  12:27   16.1  06:24    0.0    3.8    1.2    3.2   33.8  11:55    179
 14   19.3   25.9  17:19   13.4  05:23    0.0    1.0    0.0    4.0   30.6  15:59    260
 15   19.5   27.9  16:56    9.7  06:02    0.0    1.2    0.0    1.6   14.5  10:06    154
 16   18.6   22.4  14:31   16.2  23:56    0.0    0.3    7.0    2.0   17.7  00:46    107
 17   18.2   24.5  18:14   14.1  04:48    0.1    0.0    1.0    1.2   17.7  13:52    308
 18   23.1   28.8  14:35   17.9  03:42    0.0    4.8    0.0    2.8   29.0  11:46     15
 19   24.5   29.8  15:39   18.3  23:58    0.0    6.1    0.0    2.1   24.1  13:44     63
 20   23.6   34.2  16:00   13.7  05:58    0.0    5.2    0.0    0.7   16.1  17:27    276
 21   24.6   33.7  15:51   15.1  06:10    0.0    6.3    0.0    1.1   17.7  15:40    269
 22   24.5   33.4  14:47   15.7  06:18    0.0    6.1    0.0    1.1   17.7  11:56    229
 23   25.0   33.2  15:37   16.6  06:22    0.0    6.7    0.0    1.9   17.7  13:22    198
 24
 25
 26
 27
 28
 29
 30
 31
---------------------------------------------------------------------------------------
      22.7   35.8     07    9.7     15    0.1   99.6    9.2    2.0   33.8     13    239