Tabelle storiche NOAA


Report for 2024 June
                   MONTHLY CLIMATOLOGICAL SUMMARY for Jun 2024


NAME: Bibbiena, Arezzo, Italy                  
ELEV: 409 meters    LAT: 43-42.03 N    LONG: 011-49.22 E


                   TEMPERATURE (C), RAIN (mm), WIND SPEED (km/h)

                                         HEAT   COOL         AVG
      MEAN                               DEG    DEG          WIND                   DOM
DAY   TEMP   HIGH   TIME    LOW   TIME   DAYS   DAYS   RAIN  SPEED   HIGH   TIME    DIR
---------------------------------------------------------------------------------------
 01   16.4   24.3  15:47    7.9  05:16    1.9    0.0    0.0    0.2   17.7  12:21    130
 02   15.3   20.1  11:07    9.3  05:40    3.1    0.0    0.0    0.4   30.6  13:40    136
 03   16.0   21.3  12:17   12.4  04:55    2.3    0.0    0.0    0.2   20.9  15:37    130
 04   17.3   25.0  17:25   10.3  05:52    1.1    0.0    0.0    0.2   22.5  13:50    130
 05   19.2   28.1  17:45   12.2  05:17    0.0    0.9    0.0    0.0   17.7  13:36    124
 06   19.5   28.2  15:33   11.3  05:37    0.0    1.2    0.0    0.1   17.7  16:14    135
 07   20.4   29.7  15:55   11.6  06:03    0.0    2.1    0.0    0.1   19.3  17:18     18
 08   21.0   28.8  15:41   12.3  05:45    0.0    2.6    0.0    0.0   16.1  13:13    139
 09   21.3   28.1  16:38   15.2  05:14    0.0    2.9    0.0    0.1   16.1  18:02    133
 10   20.4   27.1  13:18   15.1  23:48    0.0    2.0    0.0    0.2   17.7  12:42    164
 11   19.7   27.6  17:25   12.8  06:33    0.0    1.4    0.0    0.1   19.3  15:05    198
 12   19.8   27.4  17:49   14.4  06:32    0.0    1.5    0.0    0.1   14.5  10:45    110
 13   17.3   23.8  17:29   12.4  06:21    1.1    0.0    0.0    0.1   17.7  16:05    328
 14   16.9   24.3  18:19    8.4  06:15    1.4    0.0    0.0    0.1   16.1  14:50    284
 15   19.2   29.3  17:35    9.6  06:21    0.0    0.9    0.0    0.7   27.4  12:10    134
 16   20.6   27.9  18:01   12.6  06:38    0.0    2.2    0.0    0.2   17.7  10:29    143
 17   20.1   30.7  16:30    9.1  05:55    0.0    1.8    0.0    0.0   12.9  17:36    270
 18   23.1   32.2  18:21   12.2  06:07    0.0    4.8    0.0    0.0   20.9  14:30    138
 19   22.9   28.8  15:52   15.7  05:46    0.0    4.6    0.0    0.2   17.7  14:28    134
 20   23.8   30.6  15:56   17.1  05:25    0.0    5.4    0.0    0.0    0.0  00:00    N/A
 21   22.9   27.2  11:19   18.3  05:50    0.0    4.6    0.0    0.0   17.7  13:15    152
 22   20.8   28.3  15:56   12.7  06:39    0.0    2.5    0.0    0.0   17.7  16:05    277
 23   17.3   21.5  15:38   14.0  04:14    1.0    0.0    0.0    0.0   11.3  16:55    135
 24   16.9   18.9  16:36   15.9  05:51    1.4    0.0    0.0    0.1   22.5  13:35    145
 25
 26
 27
 28
 29
 30
---------------------------------------------------------------------------------------
      19.5   32.2     18    7.9     01   13.3   41.3    0.0    0.1   30.6     02    137