Tabelle storiche NOAA


Report for 2019 July
                   MONTHLY CLIMATOLOGICAL SUMMARY for JUL 2019


NAME:                       CITY: - Stazione meteo di Bibbiena (A  STATE: -                   
ELEV:  409.0 m    LAT: 43.7 N    LONG: 11.8 E


                   TEMPERATURE (C), RAIN (mm), WIND SPEED (kph)

                                         HEAT   COOL         AVG
      MEAN                               DEG    DEG          WIND                  DOM
DAY   TEMP   HIGH  TIME    LOW   TIME    DAYS   DAYS   RAIN  SPEED   HIGH  TIME    DIR
---------------------------------------------------------------------------------------
01    25.1   34.8  17:10   15.0  06:16    0.0   11.8     0.0  2.1    17.7  15:35   ESE
02    25.2   35.1  15:44   14.6  06:27    0.0   11.8     0.0  1.8    19.3  13:44   S
03    24.2   34.2  13:35   17.3  05:55    0.0   13.3     2.0  1.9    19.3  12:45   SW
04    23.8   32.4  14:10   16.4  06:07    0.0   11.0     0.2  2.1    22.5  16:06   WSW
05    24.9   33.8  15:49   16.0  06:43    0.0   11.8     0.0  2.0    14.5  17:54   SW
06    24.9   33.1  15:12   15.8  06:12    0.0   11.0     0.0  2.6    19.3  18:00   ENE
07    23.0   30.8  17:07   17.0  05:50    0.0   10.0     0.4  2.0    24.1  11:10   SW
08    25.1   31.7  15:57   19.1  04:12    0.0   12.7     0.0  2.4    22.5  17:35   WSW
09    23.7   31.5  15:16   19.0  06:25    0.0   12.4     0.0  2.3    33.8  17:20   W
10    18.9   25.3  10:10   15.9  23:57    0.0    4.2     0.8  1.0    24.1  14:50   NNW
11    20.7   28.1  16:58   11.6  05:47    0.0    2.7     0.0  1.6    17.7  15:35   WSW
12    21.8   29.2  16:18   16.1  07:07    0.0    7.8     2.8  2.1    19.3  17:55   E
13    21.9   28.4  15:52   17.0  05:03    0.0    7.9     0.2  2.1    25.7  15:24   ENE
14    20.7   28.4  13:47   11.9  06:10    0.0    3.3     0.0  2.0    22.5  14:20   SW
15    17.1   20.1  00:00   15.2  23:57    1.2    0.0     5.0  1.6    12.9  15:45   WSW
16    20.5   27.5  15:45   14.7  02:59    0.0    4.9     0.4  2.4    22.5  13:06   W
---------------------------------------------------------------------------------------
      22.6   35.1     2    11.6    11     1.2  136.7    11.8  2.0    33.8     9    WSW

Max >=   32.2:  6
Max <=    0.0:  0
Min <=    0.0:  0
Min <=  -17.8:  0
Max Rain    :    5.0 mm ON 07/15/2019
Days of Rain: 6 (> 0.254 mm) 2 (> 2.54 mm) 0 (> 25.4 mm)