Tabelle storiche NOAA


Report for 2019 September
                   MONTHLY CLIMATOLOGICAL SUMMARY for SEP 2019


NAME:                       CITY: - Stazione meteo di Bibbiena (A  STATE: -                   
ELEV:  409.0 m    LAT: 43.7 N    LONG: 11.8 E


                   TEMPERATURE (C), RAIN (mm), WIND SPEED (kph)

                                         HEAT   COOL         AVG
      MEAN                               DEG    DEG          WIND                  DOM
DAY   TEMP   HIGH  TIME    LOW   TIME    DAYS   DAYS   RAIN  SPEED   HIGH  TIME    DIR
---------------------------------------------------------------------------------------
05    19.6   29.1  15:40    7.5  06:35    0.1    0.0     0.0  1.0    12.9  12:50   SSW
06    18.6   25.8  15:02   12.7  06:46    0.0    1.6     0.0  3.1    40.2  14:35   NE
07    18.3   24.7  16:34   13.4  06:32    0.0    1.3     0.0  1.5    14.5  10:55   WNW
08    16.4   22.5  17:47   10.9  07:17    2.9    0.0     1.2  3.3    27.4  13:10   WSW
09    18.1   24.6  17:25   12.7  23:59    0.0    0.6     0.2  2.9    16.1  05:30   SW
10    16.8   26.1  16:29    8.1  06:37    2.2    0.0     0.0  2.2    20.9  16:35   E
11    18.5   26.3  15:25   11.3  07:28    0.0    0.9     0.2  3.1    20.9  17:05   ENE
12    18.3   26.9  14:02   10.2  07:00    0.0    0.4     0.0  2.4    24.1  14:50   NE
13    19.6   28.2  14:55   11.6  07:10    0.0    2.8     0.0  2.5    27.4  11:45   W
14    19.8   28.3  14:16   11.6  05:58    0.0    2.9     0.0  2.9    20.9  12:50   E
15    19.5   28.6  14:03   11.7  06:33    0.0    3.2     0.0  1.7    16.1  15:00   S
16    20.7   29.9  17:21   12.7  07:08    0.0    5.4     0.0  1.6    17.7  15:05   NNE
17    19.8   29.0  15:27   11.8  07:09    0.0    3.7     0.0  2.1    17.7  13:40   WSW
18    19.7   27.6  15:56   12.2  06:51    0.0    2.8     0.0  1.5    17.7  16:15   SE
---------------------------------------------------------------------------------------
      18.8   29.9    16     7.5     5     5.2   25.7     1.6  2.3    40.2     6    ENE

Max >=   32.2:  0
Max <=    0.0:  0
Min <=    0.0:  0
Min <=  -17.8:  0
Max Rain    :    1.2 mm ON 09/08/2019
Days of Rain: 1 (> 0.254 mm) 0 (> 2.54 mm) 0 (> 25.4 mm)