Tabelle storiche NOAA


Report for 2019 January
                   MONTHLY CLIMATOLOGICAL SUMMARY for JAN 2019


NAME:                       CITY: - Stazione meteo di Bibbiena (A  STATE: -                   
ELEV:  409.0 m    LAT: 43.7 N    LONG: 11.8 E


                   TEMPERATURE (C), RAIN (mm), WIND SPEED (kph)

                                         HEAT   COOL         AVG
      MEAN                               DEG    DEG          WIND                  DOM
DAY   TEMP   HIGH  TIME    LOW   TIME    DAYS   DAYS   RAIN  SPEED   HIGH  TIME    DIR
---------------------------------------------------------------------------------------
01     3.4   11.6  13:34   -0.8  05:37   23.3    0.0     0.0  1.8    17.7  16:20   SW
02     2.0    7.9  14:06   -2.3  06:44   28.0    0.0     0.2  2.4    25.7  11:25   NE
03     0.5    6.1  13:20   -5.3  23:58   32.3    0.0     0.0  1.9    19.3  13:35   W
04    -2.8    5.3  14:30   -8.6  08:11   35.9    0.0     0.0  1.2    14.5  13:45   SW
05    -0.7    6.3  13:19   -5.7  08:23   32.5    0.0     0.0  1.9    16.1  13:40   E
06     0.3    9.2  15:17   -5.1  07:51   29.2    0.0     0.0  0.8    11.3  13:50   E
07     1.2   11.3  14:25   -4.8  07:06   27.1    0.0     0.2  1.0    11.3  12:42   ESE
08    -0.9    1.8  15:13   -5.0  06:54   35.8    0.0     1.0  0.5     6.4  10:50   E
09     2.2    7.4  15:29   -1.1  23:43   27.2    0.0     0.0  1.2    19.3  16:00   WSW
10     2.3    7.3  14:10   -1.8  04:33   28.1    0.0     0.0  2.4    29.0  19:10   N
11     1.2    5.7  13:13   -3.9  23:59   31.4    0.0     0.8  2.1    17.7  13:15   WSW
12    -1.3    7.6  13:50   -6.8  06:40   32.3    0.0     0.2  1.3    17.7  14:55   SW
13     2.5   10.3  13:52   -3.7  00:00   27.0    0.0     0.0  1.4    14.5  14:20   SSW
14     7.7   14.6  14:28    2.6  02:17   17.6    0.0     0.0  2.4    20.9  13:35   WSW
15     4.8   11.3  14:25   -1.5  23:50   24.2    0.0     0.0  2.0    17.7  14:45   S
16     4.1   10.1  13:37   -2.1  01:02   25.8    0.0     0.0  3.1    24.1  20:59   SSE
---------------------------------------------------------------------------------------
       1.7   14.6    14    -8.6     4   457.8    0.0     2.4  1.7    29.0    10    SW

Max >=   32.2:  0
Max <=    0.0:  0
Min <=    0.0:  15
Min <=  -17.8:  0
Max Rain    :    1.0 mm ON 01/08/2019
Days of Rain: 2 (> 0.254 mm) 0 (> 2.54 mm) 0 (> 25.4 mm)