Tabelle storiche NOAA


Report for 2019 March
                   MONTHLY CLIMATOLOGICAL SUMMARY for MAR 2019


NAME:                       CITY: - Stazione meteo di Bibbiena (A  STATE: -                   
ELEV:  409.0 m    LAT: 43.7 N    LONG: 11.8 E


                   TEMPERATURE (C), RAIN (mm), WIND SPEED (kph)

                                         HEAT   COOL         AVG
      MEAN                               DEG    DEG          WIND                  DOM
DAY   TEMP   HIGH  TIME    LOW   TIME    DAYS   DAYS   RAIN  SPEED   HIGH  TIME    DIR
---------------------------------------------------------------------------------------
01     7.4   13.7  12:07    1.6  03:01   19.2    0.0     0.0  1.3    22.5  12:58   ESE
02     8.5   17.7  13:47    0.9  07:10   16.3    0.0     0.0  1.2    20.9  13:25   WSW
03     8.5   18.5  14:44   -0.2  07:20   16.5    0.0     0.0  1.7    19.3  12:58   SW
04     8.4   15.3  15:47    0.8  05:59   18.5    0.0     0.0  4.9    30.6  14:55   E
05    10.8   15.8  14:42    3.6  23:59   15.5    0.0     0.0  4.5    33.8  12:50   WSW
06     8.2   15.7  13:18   -0.6  06:54   19.4    0.0     0.0  2.8    22.5  13:39   ESE
07    12.8   17.3  13:40    8.9  06:22    9.4    0.0     0.0  6.7    35.4  09:20   E
08    11.0   15.6  15:00    5.2  23:37   14.3    0.0     0.0  4.3    24.1  00:21   SW
09     7.7   15.1  13:16    0.7  05:28   18.8    0.0     0.0  2.9    27.4  17:25   WSW
10     9.4   13.8  18:23    3.4  02:47   17.5    0.0     0.0  4.9    27.4  23:30   E
11    10.5   17.4  12:50    2.3  23:58   15.2    0.0     3.2  4.6    57.9  15:25   SW
12     5.8   13.0  14:18   -0.5  06:54   21.8    0.0     0.4  2.2    22.5  11:25   W
13     3.3    8.7  15:12   -1.8  05:13   26.8    0.0     0.0  1.0     9.7  15:38   SW
14     7.3   14.9  13:05   -0.7  06:41   20.2    0.0     0.0  3.1    27.4  14:25   W
15    11.3   18.4  14:28    5.0  07:02   12.0    0.0     0.0  3.6    25.7  16:26   ENE
16    10.2   17.2  14:36    3.0  06:24   14.8    0.0     0.0  4.3    33.8  17:30   E
17    11.4   16.4  15:52    7.9  05:02   11.1    0.0     0.0  5.4    29.0  12:50   SE
18     8.2   11.6  10:34    5.2  22:46   17.9    0.0    18.0  3.4    27.4  04:55   E
19     6.0    7.8  12:28    3.8  22:29   22.5    0.0     0.0  3.2    20.9  13:40   NE
20     7.5   10.8  14:05    5.3  00:00   18.5    0.0     0.0  4.5    29.0  14:05   NNE
21     8.6   14.1  14:46    2.4  06:14   18.1    0.0     0.0  3.9    27.4  12:17   NE
22     9.4   17.7  14:25    1.8  05:44   15.4    0.0     0.0  3.8    25.7  12:40   WSW
23    11.1   20.7  13:40    1.8  06:46   12.8    0.0     0.0  3.4    24.1  11:10   WSW
24    12.9   23.7  14:19    2.8  05:40    9.2    0.0     0.0  2.1    20.9  15:50   WSW
25    11.0   19.6  15:13    1.9  06:37   13.6    0.0     0.0  2.4    25.7  14:20   E
---------------------------------------------------------------------------------------
       9.1   23.7    24    -1.8    13   415.5    0.0    21.6  3.5    57.9    11    E

Max >=   32.2:  0
Max <=    0.0:  0
Min <=    0.0:  5
Min <=  -17.8:  0
Max Rain    :   18.0 mm ON 03/18/2019
Days of Rain: 3 (> 0.254 mm) 2 (> 2.54 mm) 0 (> 25.4 mm)