Tabelle storiche NOAA


Report for 2020 February
                   MONTHLY CLIMATOLOGICAL SUMMARY for FEB 2020


NAME:                       CITY: - Stazione meteo di Bibbiena (A  STATE: -                   
ELEV:  409.0 m    LAT: 43.7 N    LONG: 11.8 E


                   TEMPERATURE (C), RAIN (mm), WIND SPEED (kph)

                                         HEAT   COOL         AVG
      MEAN                               DEG    DEG          WIND                  DOM
DAY   TEMP   HIGH  TIME    LOW   TIME    DAYS   DAYS   RAIN  SPEED   HIGH  TIME    DIR
---------------------------------------------------------------------------------------
01    10.3   11.4  15:29    9.4  07:42   14.2    0.0     1.8  5.1    22.5  09:30   E
02    11.6   14.1  14:10    9.9  08:09   11.5    0.0     0.4  2.5    19.3  13:00   ESE
03    11.5   15.2  15:52    6.6  23:57   13.4    0.0     0.0  2.8    17.7  11:25   ESE
04     9.9   15.9  12:17    5.9  02:59   13.3    0.0     0.4  5.6    54.7  10:35   WSW
05     6.7   11.0  12:23    2.8  06:07   20.6    0.0     0.0  4.9    32.2  11:15   W
06     5.6   10.9  13:54   -1.9  23:55   24.9    0.0     0.0  3.6    29.0  01:05   NNE
07     2.4   13.1  15:11   -4.8  07:26   25.5    0.0     0.0  1.0    16.1  14:35   WSW
08     3.5   12.2  14:19   -3.3  07:40   25.0    0.0     0.0  1.3    12.9  13:06   WSW
09     4.9   10.4  15:12   -2.1  07:58   25.5    0.0     0.2  3.0    24.1  13:46   SSE
10    11.3   13.8  19:01    8.9  00:54   12.6    0.0     0.4  7.5    35.4  11:30   ESE
11    13.3   16.9  14:11    9.9  23:49    8.8    0.0     0.0  4.6    38.6  02:35   WSW
12     8.9   15.5  14:36    2.9  23:58   16.4    0.0     0.0  1.6    14.5  15:50   SW
13     6.5   14.0  14:40   -1.4  06:39   21.7    0.0     0.2  3.5    27.4  23:45   SW
14     9.6   16.1  13:57    2.2  23:57   16.5    0.0     8.6  3.8    27.4  00:05   ENE
15     6.3   17.0  14:13   -0.8  06:31   18.5    0.0     0.0  1.4    16.1  14:35   ENE
16     6.5   15.2  15:04   -0.7  06:27   20.0    0.0     0.2  2.3    22.5  14:45   E
17     7.2   13.8  15:11    0.2  07:48   20.3    0.0     0.0  3.6    25.7  15:00   E
18     9.2   13.8  15:38    4.3  23:58   16.7    0.0     0.2  2.5    27.4  00:15   WSW
---------------------------------------------------------------------------------------
       8.1   17.0    15    -4.8     7   325.4    0.0    12.4  3.4    54.7     4    E

Max >=   32.2:  0
Max <=    0.0:  0
Min <=    0.0:  7
Min <=  -17.8:  0
Max Rain    :    8.6 mm ON 02/14/2020
Days of Rain: 5 (> 0.254 mm) 1 (> 2.54 mm) 0 (> 25.4 mm)