Tabelle storiche NOAA


Report for 2019 May
                   MONTHLY CLIMATOLOGICAL SUMMARY for MAY 2019


NAME:                       CITY: - Stazione meteo di Bibbiena (A  STATE: -                   
ELEV:  409.0 m    LAT: 43.7 N    LONG: 11.8 E


                   TEMPERATURE (C), RAIN (mm), WIND SPEED (kph)

                                         HEAT   COOL         AVG
      MEAN                               DEG    DEG          WIND                  DOM
DAY   TEMP   HIGH  TIME    LOW   TIME    DAYS   DAYS   RAIN  SPEED   HIGH  TIME    DIR
---------------------------------------------------------------------------------------
01    11.7   19.4  14:01    6.8  23:55    9.4    0.0     2.6  1.9    29.0  16:45   ESE
02    12.1   20.1  15:27    4.0  06:53   11.3    0.0     0.2  3.1    24.1  17:05   WSW
03    12.9   14.7  17:57   10.9  03:38    9.9    0.0     0.4  4.1    25.7  01:12   ESE
04    12.9   18.4  11:46    8.7  23:58    8.6    0.0     0.2  1.7    16.1  00:00   SW
05     8.6   12.4  09:36    5.5  22:24   16.9    0.0    20.0  2.4    19.3  14:15   E
06     7.6   13.3  18:07    3.7  23:57   17.7    0.0     2.8  2.2    17.7  13:15   NE
07     9.4   18.2  15:52    0.2  06:21   16.4    0.0     0.2  2.8    20.9  12:25   NE
08    10.2   17.6  13:17    3.4  05:04   14.1    0.0     0.0  3.0    25.7  10:25   ESE
09    13.6   21.4  15:44    9.7  06:29    5.0    0.0    17.4  3.9    24.1  08:30   SW
10    13.7   18.5  18:39    9.1  00:42    8.1    0.0     0.0  2.3    19.3  10:44   E
11    13.3   20.9  15:11    5.5  05:55    9.2    0.0     2.8  3.3    24.1  12:05   WSW
12    11.3   17.3  13:18    8.1  06:16   10.2    0.0    14.4  2.7    25.7  13:50   SW
13    10.8   13.0  13:30    9.3  20:59   12.9    0.0     7.6  5.1    35.4  12:30   NNE
14    11.2   14.9  12:27    7.5  22:52   12.8    0.0     0.0  4.3    25.7  09:28   NE
15     8.5   11.9  17:10    5.8  06:59   17.0    0.0     0.0  2.8    27.4  13:56   NE
16    12.0   20.4  16:59    4.6  06:09   10.6    0.0     0.0  2.8    19.3  10:18   ENE
17    13.9   21.3  15:46    5.2  06:19    9.1    0.0     1.2  2.3    24.1  14:50   ENE
18    13.0   15.7  16:59   10.8  05:27    9.1    0.0    10.8  2.1    19.3  10:40   E
19    12.5   15.6  13:40   10.9  23:50    9.2    0.0    15.6  1.5    12.9  10:20   ESE
20    12.4   17.1  13:24   10.1  05:57    8.6    0.0     7.8  4.2    29.0  13:35   E
21    14.1   19.8  16:08   10.8  05:57    5.5    0.0     0.4  2.5    17.7  15:40   ESE
---------------------------------------------------------------------------------------
      11.7   21.4     9     0.2     7   231.6    0.0   104.4  2.9    35.4    13    ENE

Max >=   32.2:  0
Max <=    0.0:  0
Min <=    0.0:  0
Min <=  -17.8:  0
Max Rain    :   20.0 mm ON 05/05/2019
Days of Rain: 13 (> 0.254 mm) 10 (> 2.54 mm) 0 (> 25.4 mm)